{"id":50,"date":"2015-06-03T22:15:11","date_gmt":"2015-06-03T21:15:11","guid":{"rendered":"http:\/\/itineraires.sudvelo.com\/miles\/?page_id=50"},"modified":"2015-06-03T22:16:40","modified_gmt":"2015-06-03T21:16:40","slug":"japon","status":"publish","type":"page","link":"https:\/\/itineraires.sudvelo.com\/miles\/japon\/","title":{"rendered":"Japon"},"content":{"rendered":"<p id=\"yui_3_5_0_1_1433364125287_38185\">Voil\u00e0 c&rsquo;est d\u00e9cid\u00e9 : cette ann\u00e9e je ne laisse pas passer ma chance de partir faire une longue randonn\u00e9e, un long p\u00e9riple \u00e0 v\u00e9lo, avec mes potes Jean-Yves et Francis. L&rsquo;an dernier, j&rsquo;avais laiss\u00e9 passer le voyage au Chili \u00e0 grand regret. Cette ann\u00e9e j&rsquo;ai la chance de pouvoir les suivre en Asie. Quelque part c&rsquo;est aussi bien : pour moi ce p\u00e9riple ressemble \u00e0 un voyage sur une autre plan\u00e8te. Un mois sur un v\u00e9lo, avec sacoches, de l\u2019extr\u00e9mit\u00e9 Nord de l&rsquo;Ile d&rsquo;Hokkaido (la ville d&rsquo;Abashiri), vers le sud, au plus loin dans l\u2019\u00eele d&rsquo;Honsh\u016b, j&rsquo;esp\u00e8re jusqu&rsquo;\u00e0 Kyoto au moins.<\/p>\n<p>Ce blog est \u00e0 l&rsquo;essai. J&rsquo;essayerai de l&rsquo;alimenter au jour le jour mais je n&rsquo;ai pas encore d&rsquo;id\u00e9e de l&rsquo;outil le plus pratique pour raconter notre p\u00e9riple, et surtout de l&rsquo;utilit\u00e9 d&rsquo;avoir plusieurs blogs. Je pense que l&rsquo;essentiel du p\u00e9riple sera retranscrit sur <a href=\"http:\/\/sudvelojapon.over-blog.com\/\" data-cke-saved-href=\"http:\/\/sudvelojapon.over-blog.com\/\" data-popup=\"true\">http:\/\/sudvelojapon.over-blog.com\/<\/a>.<\/p>\n<p id=\"yui_3_5_0_1_1433364125287_38186\">A vrai dire tout est \u00e0 l&rsquo;essai : les v\u00e9los, les fringues, les outils de carto, les outils de comm&#8230; le mec&#8230;<\/p>\n<p>Alors petit \u00e0 petit on va s\u00e9lectionner le meilleur, pour <a href=\"https:\/\/i0.wp.com\/itineraires.sudvelo.com\/miles\/wp-content\/uploads\/2015\/06\/1482940_10152951194014084_6312706524912952211_n.jpg\"><img data-recalc-dims=\"1\" loading=\"lazy\" decoding=\"async\" data-attachment-id=\"37\" data-permalink=\"https:\/\/itineraires.sudvelo.com\/miles\/2015\/03\/03\/fin-ete-japon\/1482940_10152951194014084_6312706524912952211_n\/\" data-orig-file=\"https:\/\/i0.wp.com\/itineraires.sudvelo.com\/miles\/wp-content\/uploads\/2015\/06\/1482940_10152951194014084_6312706524912952211_n.jpg?fit=604%2C960&amp;ssl=1\" data-orig-size=\"604,960\" data-comments-opened=\"1\" data-image-meta=\"{&quot;aperture&quot;:&quot;0&quot;,&quot;credit&quot;:&quot;&quot;,&quot;camera&quot;:&quot;&quot;,&quot;caption&quot;:&quot;&quot;,&quot;created_timestamp&quot;:&quot;0&quot;,&quot;copyright&quot;:&quot;&quot;,&quot;focal_length&quot;:&quot;0&quot;,&quot;iso&quot;:&quot;0&quot;,&quot;shutter_speed&quot;:&quot;0&quot;,&quot;title&quot;:&quot;&quot;,&quot;orientation&quot;:&quot;0&quot;}\" data-image-title=\"1482940_10152951194014084_6312706524912952211_n\" data-image-description=\"\" data-image-caption=\"\" data-medium-file=\"https:\/\/i0.wp.com\/itineraires.sudvelo.com\/miles\/wp-content\/uploads\/2015\/06\/1482940_10152951194014084_6312706524912952211_n.jpg?fit=189%2C300&amp;ssl=1\" data-large-file=\"https:\/\/i0.wp.com\/itineraires.sudvelo.com\/miles\/wp-content\/uploads\/2015\/06\/1482940_10152951194014084_6312706524912952211_n.jpg?fit=604%2C960&amp;ssl=1\" tabindex=\"0\" role=\"button\" class=\" size-medium wp-image-37 alignright\" src=\"https:\/\/i0.wp.com\/itineraires.sudvelo.com\/miles\/wp-content\/uploads\/2015\/06\/1482940_10152951194014084_6312706524912952211_n.jpg?resize=189%2C300\" alt=\"1482940_10152951194014084_6312706524912952211_n\" width=\"189\" height=\"300\" srcset=\"https:\/\/i0.wp.com\/itineraires.sudvelo.com\/miles\/wp-content\/uploads\/2015\/06\/1482940_10152951194014084_6312706524912952211_n.jpg?resize=189%2C300&amp;ssl=1 189w, https:\/\/i0.wp.com\/itineraires.sudvelo.com\/miles\/wp-content\/uploads\/2015\/06\/1482940_10152951194014084_6312706524912952211_n.jpg?w=604&amp;ssl=1 604w\" sizes=\"(max-width: 189px) 100vw, 189px\" \/><\/a>ne pas se tromper ! (en dehors du mec, d\u00e9j\u00e0 s\u00e9lectionn\u00e9)<\/p>\n<p>D\u00e9part pr\u00e9vu d&rsquo;Abashiri le 23 Ao\u00fbt prochain, et donc, de Montpellier pour moi le 21 Ao\u00fbt, en train, \u00e0 17h environ.<\/p>\n<p id=\"yui_3_5_0_1_1433364125287_38019\">Jusque l\u00e0, ce sera tous les jours le chemin&#8230; ce chemin qui en fait, est le but, il parait.<\/p>\n","protected":false},"excerpt":{"rendered":"<p>Voil\u00e0 c&rsquo;est d\u00e9cid\u00e9 : cette ann\u00e9e je ne laisse pas passer ma chance de partir faire une longue randonn\u00e9e, un long p\u00e9riple \u00e0 v\u00e9lo, avec mes potes Jean-Yves et Francis. L&rsquo;an dernier, j&rsquo;avais laiss\u00e9 passer le voyage au Chili \u00e0 grand regret. Cette ann\u00e9e j&rsquo;ai la chance de pouvoir les suivre en Asie. Quelque part [&hellip;]<\/p>\n","protected":false},"author":1,"featured_media":0,"parent":0,"menu_order":0,"comment_status":"open","ping_status":"open","template":"","meta":{"jetpack_post_was_ever_published":false,"footnotes":""},"class_list":["post-50","page","type-page","status-publish","hentry"],"jetpack_sharing_enabled":true,"jetpack_shortlink":"https:\/\/wp.me\/P6ioUK-O","jetpack_likes_enabled":true,"_links":{"self":[{"href":"https:\/\/itineraires.sudvelo.com\/miles\/wp-json\/wp\/v2\/pages\/50"}],"collection":[{"href":"https:\/\/itineraires.sudvelo.com\/miles\/wp-json\/wp\/v2\/pages"}],"about":[{"href":"https:\/\/itineraires.sudvelo.com\/miles\/wp-json\/wp\/v2\/types\/page"}],"author":[{"embeddable":true,"href":"https:\/\/itineraires.sudvelo.com\/miles\/wp-json\/wp\/v2\/users\/1"}],"replies":[{"embeddable":true,"href":"https:\/\/itineraires.sudvelo.com\/miles\/wp-json\/wp\/v2\/comments?post=50"}],"version-history":[{"count":2,"href":"https:\/\/itineraires.sudvelo.com\/miles\/wp-json\/wp\/v2\/pages\/50\/revisions"}],"predecessor-version":[{"id":52,"href":"https:\/\/itineraires.sudvelo.com\/miles\/wp-json\/wp\/v2\/pages\/50\/revisions\/52"}],"wp:attachment":[{"href":"https:\/\/itineraires.sudvelo.com\/miles\/wp-json\/wp\/v2\/media?parent=50"}],"curies":[{"name":"wp","href":"https:\/\/api.w.org\/{rel}","templated":true}]}}